e 1352727278?
False
Is 466070304 a multiple of 7266?
True
Is 171 a factor of 296586162?
True
Does 4 divide 47932974?
False
Is 21048221 a multiple of 46?
False
Does 39 divide 87736069?
False
Does 6092 divide 2272893023?
False
Is 1434091111 a multiple of 985?
False
Is 323 a factor of 705144530?
True
Is 77 a factor of 21722008?
True
Is 247 a factor of 1085216700?
False
Does 113 divide 57145990?
False
Does 36 divide 14561761?
False
Is 28 a factor of 58346848?
True
Does 731 divide 72559425?
False
Does 6 divide 70510272?
True
Does 156 divide 868905759?
False
Is 128 a factor of 483221888?
True
Is 24 a factor of 58003968?
True
Is 11 a factor of 53669663?
False
Does 298 divide 3034832?
True
Is 6 a factor of 18261388?
False
Is 24676157 a multiple of 20?
False
Does 3 divide 3762370?
False
Is 53 a factor of 65093617?
False
Is 114 a factor of 1184030904?
True
Is 1218 a factor of 350384436?
False
Is 144 a factor of 45142759?
False
Does 37 divide 31152298?
True
Is 3525972759 a multiple of 103?
False
Does 3551 divide 34315832?
False
Is 1403515750 a multiple of 425?
True
Does 1280 divide 34049280?
True
Does 9 divide 253788759?
True
Does 7 divide 36060549?
True
Does 8 divide 265361672?
True
Does 988 divide 809836924?
True
Is 2046556635 a multiple of 4?
False
Is 1069 a factor of 202869475?
True
Is 172425708 a multiple of 3276?
True
Is 159 a factor of 212877786?
True
Is 7 a factor of 42103657?
False
Does 21 divide 195014561?
False
Is 21 a factor of 67062743?
False
Does 23 divide 9347246?
True
Is 588776496 a multiple of 33?
True
Is 1424307628 a multiple of 1268?
True
Is 1305679 even?
False
Is 17111945 a multiple of 34?
False
Does 249 divide 716419118?
False
Is 4720 a factor of 81184000?
True
Is 153036193 a multiple of 4436?
False
Is 854 a factor of 18653068?
True
Is 45 a factor of 13733924?
False
Is 937 a factor of 113500684?
True
Is 4 a factor of 184544144?
True
Is 16 a factor of 27002544?
True
Does 5 divide 14599261?
False
Is 3406181 a multiple of 152?
False
Is 307529258 a multiple of 2614?
True
Is 22 a factor of 81556286?
False
Does 15 divide 405536205?
True
Is 112 a factor of 290740576?
True
Is 420 a factor of 72072461?
False
Does 1795 divide 146615600?
True
Is 1058 a factor of 419663553?
False
Does 7 divide 9134664?
True
Does 35 divide 893976280?
False
Does 1019 divide 252205557?
True
Is 109212936 a multiple of 1404?
False
Is 98582 even?
True
Does 1876 divide 45327912?
True
Does 25 divide 781405075?
True
Is 1067670454 a multiple of 73?
False
Is 4 a factor of 51430372?
True
Does 34 divide 38503266?
True
Does 11 divide 113183719?
True
Is 132941978 a multiple of 783?
False
Does 67 divide 86865567?
True
Is 6049043448 a multiple of 114?
False
Is 820746 a multiple of 12?
False
Is 200098463 a multiple of 33?
False
Is 57975495 a multiple of 198?
False
Is 1840058560 a multiple of 64?
True
Is 44 a factor of 13762977?
False
Is 1677 a factor of 28737311?
False
Is 99 a factor of 227658770?
False
Does 13 divide 65642304?
True
Is 8 a factor of 68509080?
True
Is 63244712 a multiple of 31?
True
Is 7304 a factor of 1380713881?
False
Is 330826900 a multiple of 100?
True
Is 6 a factor of 118777181?
False
Is 237 a factor of 78592281?
True
Is 1596 a factor of 865956848?
False
Is 929 a factor of 497716334?
False
Is 260047898 a multiple of 48?
False
Is 167 a factor of 133854007?
True
Is 2836434553 a multiple of 271?
False
Is 75 a factor of 5352225?
True
Is 6224 a factor of 240843904?
True
Is 592281717 a multiple of 46?
False
Is 1429 a factor of 3664956300?
True
Does 371 divide 24811367?
True
Is 106 a factor of 792800818?
True
Does 524 divide 1005178106?
False
Is 2155 a factor of 340444899?
False
Does 1284 divide 24465064?
False
Is 224 a factor of 179639040?
True
Is 5976 a factor of 440799817?
False
Is 14 a factor of 179449035?
False
Is 296 a factor of 32545792?
True
Is 23582920 a multiple of 21?
False
Is 441762354 a multiple of 6?
True
Is 203857167 a multiple of 10?
False
Is 48581209 a multiple of 5442?
False
Is 51 a factor of 513750489?
True
Does 8 divide 67105896?
True
Does 28 divide 12519696?
True
Does 15 divide 276849114?
False
Does 16 divide 79485514?
False
Is 910 a factor of 31492344?
False
Is 82221146 a multiple of 553?
True
Does 20 divide 10713338?
False
Is 1640 a factor of 63195565?
False
Does 2 divide 4382034?
True
Is 30 a factor of 225348840?
True
Does 1174 divide 835003465?
False
Is 302 a factor of 68892844?
True
Is 21925556 a multiple of 31?
True
Is 818 a factor of 1850170915?
False
Is 26 a factor of 84169590?
False
Does 24 divide 87257313?
False
Is 4075687386 a multiple of 583?
False
Is 191 a factor of 5839284374?
False
Is 490084672 a multiple of 2464?
True
Is 1808 a factor of 73793520?
True
Does 805 divide 2826256?
False
Is 1565 a factor of 3004800?
True
Is 13 a factor of 266860490?
True
Is 517659157 a multiple of 4?
False
Does 100 divide 109606500?
True
Is 71329285 a multiple of 276?
False
Is 2068347 a multiple of 775?
False
Is 153061505 a multiple of 61?
True
Is 140903303 a multiple of 31?
False
Does 8 divide 84273600?
True
Is 161 a factor of 59624901?
True
Does 36 divide 1611271?
False
Does 8497 divide 959719156?
True
Is 45 a factor of 44835345?
True
Is 44558035 a multiple of 59?
False
Is 987247710 a multiple of 2094?
True
Is 841191889 a multiple of 8031?
False
Is 13454616 a multiple of 588?
True
Is 191 a factor of 54435?
True
Is 6327 a factor of 883232220?
False
Does 110 divide 2536963000?
True
Is 1312216714 a multiple of 79?
False
Does 13 divide 23940475?
True
Does 1751 divide 140347761?
False
Does 163 divide 381804?
False
Is 149 a factor of 1031487217?
True
Is 569 a factor of 14358192?
False
Is 13 a factor of 2811729107?
False
Is 19907104 a multiple of 56?
True
Is 4434824 a multiple of 8?
True
Is 204 a factor of 4012027?
False
Is 29520814 a multiple of 11?
False
Is 13 a factor of 10653472102?
True
Does 27 divide 977130?
True
Does 798 divide 92224860?
True
Is 562 a factor of 4584982022?
True
Is 85 a factor of 3090784195?
True
Is 3 a factor of 5447433?
True
Is 1582651170 a multiple of 38?
True
Does 778 divide 5560628186?
True
Does 39 divide 52333539?
False
Is 2008273050 a multiple of 150?
True
Does 2589 divide 74062243?
False
Does 10 divide 117410670?
True
Is 3603686 a multiple of 46?
True
Is 100657109 a multiple of 301?
True
Is 575845848 a multiple of 636?
True
Is 11 a factor of 3392686?
True
Is 1158054216 a multiple of 2904?
True
Is 44 a factor of 216442204?
True
Does 1472 divide 491889408?
True
Is 385068966 a multiple of 383?
True
Is 466465046 a multiple of 9?
False
Does 977 divide 32978709?
False
Is 66485776 a multiple of 217?
False
Does 559 divide 1524952?
True
Is 17 a factor of 95349327?
False
Does 251 divide 120394930?
False
Does 275 divide 10989275?
True
Does 211 divide 122555341?
True
Is 18000400 a multiple of 2148?
False
Does 139 divide 1811170?
True
Does 453 divide 1482814866?
True
Does 3 divide 3351714?
True
Is 14 a factor of 594412113?
False
Is 24957658 a multiple of 103?
False
Is 10622 a factor of 3051158878?
True
Is 164744316 a multiple of 5787?
True
Does 322 divide 115094392?
True
Does 39 divide 394025697?
True
Is 6267 a factor of 1499335881?
True
Is 27445387 a multiple of 605?
False
Is 6748334 even?
True
Does 19 divide 14151371?
True
Does 36 divide 531480264?
False
Is 302 a factor of 6654159?
False
Does 24 divide 501175345?
False
Does 3 divide 3334349?
False
Does 1042 divide 435694586?
True
Is 787 a factor of 200457199?
False
Is 179 a factor of 18990826?
True
Is 300 a factor of 170368674?
False
Is 48973412 a multiple of 1401?
False
Is 419 a factor of 7386132?
True
Does 397 divide 270861587?
True
Is 18 a factor of 81402786?
True
Is 4 a factor of 41577697?
False
Is 14538626 a multiple of 63?
False
Is 303258468 a multiple of 82?
True
Is 4 a factor of 1812452?
True
Is 513 a factor of 38011248?
True
Is 656257937 a multiple of 15?
False
Is 5 a factor of 357574262?
False
Is 463 a factor of 30415522?
False
Is 30 a factor of 52773618?
False
Is 8 a factor of 262152776?
True
Is 225816359 a multiple of 138?
False
Is 14 a factor of 9702301?
False
Is 769854985 a multiple of 11?
False
Is 8 a factor of 133846024?
True
Is 2253532602 a multiple of 1618?
True
Does 37 divide 476812266?
True
Is 674 a factor of 252883452?
True
Is 114878381 a multiple of 7?
False
I